 m(k) = -3*k**3 + k**2 - 10*k + 1. Let o(r) = v*b(r) + 7*m(r). Determine o(4).
3
Let p(c) = 1 + 2*c**3 - 3*c**3 + 2*c**3 - 2*c + c**2 + 0. What is p(1)?
1
Let u(s) be the second derivative of -s**5/20 - s**4/2 + s**3 - 2*s**2 - 3*s. What is u(-7)?
3
Let r(p) be the first derivative of -5/6*p**3 - 1/12*p**4 - 1/2*p**2 - 1 - 2*p. Let w(c) be the first derivative of r(c). Determine w(-4).
3
Let o be (-3)/2 - (-3)/6. Let n = o - 2. Let c(q) = -q**3 - 3*q**2 + 3. Determine c(n).
3
Suppose -2*m = -5*y - 8 + 2, 5*m = -5*y + 15. Suppose -2*r + 1 - 9 = y. Let f(u) = -u**2 - 4*u + 2. Give f(r).
2
Let a(k) be the first derivative of -k**2/2 - 5*k + 16. Calculate a(-10).
5
Let v(h) = h + 5. Let z be v(0). Let r(q) = -6*q - 10. Let d(s) = s - 12. Let x(c) = -c + 1. Let n(l) = d(l) + 5*x(l). Let a(m) = z*r(m) - 7*n(m). Give a(-4).
7
Let d(p) = -1 - 10*p**2 + 4 - 4*p + 2*p + 13*p**2 - p**3. Let x be -1*1/2*-2. Let h be (-4)/(-3 - (x + -2)). Give d(h).
3
Let s(k) = k**2 + 5*k - 6. Suppose -3*u + 32 = 2*z + u, 0 = -3*z + 4*u - 2. Let i = z + -12. Calculate s(i).
0
Let t(l) = -8*l + 4*l**2 + 5 - 3*l**2 + l. Suppose 2*w = -q + 4*q - 12, -6 = 3*q + 4*w. Suppose -q*f = -4*f + 10. What is t(f)?
-5
Let u(k) = -3*k + 4*k**2 - 5 + 1 - 5*k**2. Suppose 2*c + 14 = 2. Let h be ((-9)/c)/((-2)/4). Give u(h).
-4
Let q(g) = 107*g**2 + 6*g - g**3 + 108*g**2 - 219*g**2. Calculate q(-5).
-5
Let t(b) be the second derivative of -b**4/12 + 7*b**3/6 + b**2 - 9*b. Calculate t(6).
8
Let m(s) = -s**2 - 2*s + 3. Suppose y = -0*y + 5. Suppose 3*r + 9 = -y*g, 4*g = -3*r + r - 6. Let f be m(r). Let w(h) = h + 3. Calculate w(f).
3
Suppose 0 = 5*p - 4*g - 35, 13 = -4*g - 7. Suppose 2*h - h + p = 0. Let f(j) = -2 - j + 1 + j**2 - 2*j**2. Calculate f(h).
-7
Let z = 26 - 22. Let i(l) = l**2 + 2. Give i(z).
18
Let j(u) = -u**2 + 6*u + 2. Let q be 1/((-1)/(-4) - 0). Suppose -2*l - 2 = q, 0 = g + l - 2. What is j(g)?
7
Let j(q) = 9*q**3 - q**2. Let n be ((-3)/(-2))/(48/(-32)). What is j(n)?
-10
Let y(c) be the first derivative of -c**3/2 - c**2/2 + c + 1. Let w(k) be the first derivative of y(k). Suppose 3*a = -1 - 5. Calculate w(a).
5
Suppose -14 = -s - s. Let x = 12 - s. Let v(g) = g - 6. Let k be v(x). Let o(p) = -4*p. Determine o(k).
4
Let a(z) = 14*z - 8. Let w(p) = 3*p - 2. Let u(g) = -2*a(g) + 9*w(g). Give u(5).
-7
Let b(t) be the first derivative of -1/3*t**3 - 1/2*t**2 - t - 1/4*t**4 + 2. Suppose -3*m = 2*m + 5. Give b(m).
0
Let q(h) = 10*h - 13 + 5*h - 17*h + 3. What is q(-7)?
4
Let z(q) = -q + 4. Let y be z(7). Let v be (2 - 2)/(y + 4). Let r(u) = u**3 - u**2 - u + 1. Determine r(v).
1
Let s = 22 - 38. Let f(o) = o**3 + 17*o**2 + 15*o - 14. Let m be f(s). Let v(d) = -2*d + 2. Give v(m).
-2
Let w(z) = z - 4. Let b(q) = -q + 5. Let v(t) = -4*b(t) - 3*w(t). Give v(7).
-1
Let m(k) = 2*k**2 - 2*k - 2. Let l(r) = -r**3 + 9*r**2 - 7*r + 4. Let x be l(8). Let d be (x/10)/((-10)/(-25)). What is m(d)?
10
Let f(g) be the third derivative of g**5/60 + g**4/12 - g**3/2 - 16*g**2. Calculate f(-4).
5
Suppose 6*r - 15 = r. Let b(g) be the first derivative of g**6/120 - g**5/30 - g**4/12 + g**2/2 + 1. Let w(t) be the second derivative of b(t). Give w(r).
3
Suppose 0 = 2*k - 5*h - 31, 5*k - 2*h + 7*h + 10 = 0. Let t(m) = -m**3 + 3*m**2 + 4. Give t(k).
4
Let i(w) = w**3 + 6*w**2 + 5*w - 2. Let l = 1 + 11. Suppose 5*o - 8*o = l. What is i(o)?
10
Let w(o) be the first derivative of -3*o**2/2 + 14*o + 1. Let q(g) = g - 5. Let k(b) = 11*q(b) + 4*w(b). Calculate k(-3).
4
Let a(q) be the third derivative of -q**4/24 - q**3/2 + 15*q**2. Determine a(-5).
2
Let u(c) = c**3 - 6*c**2 - 8*c - 9. Let l be 1/((88/28 - 3)/1). Determine u(l).
-16
Let w(f) = -f**3 - 4*f**2 + 3. Let z be w(-4). Suppose -y = 2*c - 7, 0*y = -y + z*c - 13. Let s(x) be the first derivative of x**3/3 + x**2/2 + 1. Give s(y).
0
Let z(o) = o**3 - o**2 - 3*o - 1. Let y(v) be the first derivative of v**2/2 + v + 3. Let x be y(2). Suppose -2*q - x*q = -15. What is z(q)?
8
Let r(q) be the second derivative of 1/6*q**3 + 2*q**2 + q + 0. Let w = 16 - 20. Calculate r(w).
0
Let q be (3 + -9)*(-5)/10. Let o(z) be the first derivative of 1/2*z**2 + 1 - q*z. Give o(0).
-3
Let o(y) = 3*y. Let u(b) = b**2 - 9*b - 12. Let i be u(10). What is o(i)?
-6
Let s(h) = -4*h**2 - 6*h + 2*h**2 + 3*h**2. Let v be (3/(-1))/((-24)/40). Determine s(v).
-5
Let y(h) = 7*h**2 - h. Suppose 3*w = 2*x - 14, 4*w = 4*x - 2*x - 16. Let l be (5 + -3)/(x/2). Give y(l).
6
Let u(r) = 5*r - 3 - 3*r + 2*r. Suppose 1 = -4*y + 25. Suppose -10 = -11*q + y*q. Give u(q).
5
Let l(m) = m**2 - 1. Suppose -4*j - 4*z = -8*z + 16, -4*z = -2*j - 16. Suppose j*n + 5*n = -4*a + 19, 2*a - 8 = -2*n. Determine l(a).
0
Let q(c) = -c - 9. Suppose -5*f - 2 = 4*h - 16, -5*h + 7 = f. Suppose -6*i = -f*i. Determine q(i).
-9
Suppose -3*z - 2*x - 29 = 0, z + 23 = -5*x + x. Let q(b) = -b**2 - 9*b - 2. Calculate q(z).
12
Let h(q) = -q**2 + q + 4. Let m be 22/10 - (-4)/(-20). Let p = 4 + 1. Suppose x = -m*v - 5, -3*x - 10 = p*v - x. Give h(v).
4
Let o(z) = z**3 - 5*z**2 + 4*z - 6. Let t = 1 - -1. Suppose 10 = a - t*a. Let h = a - -14. Determine o(h).
-6
Let j(d) = -2*d - 9. Let s be (-6)/2 - 15/5. What is j(s)?
3
Suppose -3*n - 5 = -2*n. Let y(f) be the first derivative of f**4/4 + 5*f**3/3 - 6*f + 1. Determine y(n).
-6
Let o(k) = -5 - k**2 - 1 + 7*k - 3 + 3. Give o(5).
4
Let q(m) be the first derivative of m**4/4 + m**3/3 + 14. Calculate q(-3).
-18
Let b be -1*(-1)/(-1)*-3. Suppose 0 = -5*n - z + 19, -b*z + 17 = 5*n - 0. Let q(a) = -9*a + 4 - 2*a**2 + 4*a**2 + 11*a - 3*a**2. Determine q(n).
-4
Let o(h) = h**2 - 4*h. Let m = -16 + 20. Suppose -d + 20 = m*d. Determine o(d).
0
Suppose 0 = -2*u + i, -2*i - i = -2*u. Let p(k) = k - 7. Calculate p(u).
-7
Let c(x) be the first derivative of -8*x**2 + x + 3. What is c(1)?
-15
Let u(j) = 3. Let w(d) = 1. Suppose 3*f = -8 - 43. Let o(h) = f*w(h) + 6*u(h). Let a(c) = -c - 2. Let m(t) = a(t) - 2*o(t). What is m(-5)?
1
Let z(r) = 14*r**2 - 1. Suppose 3*o + 2*o = -5. What is z(o)?
13
Let f(x) = x**3 - 4*x**2 + x. Let l = -40 - -40. Let u = 6 - 3. Suppose l = u*h - 5*h - 3*c, 3*c - 9 = -5*h. Calculate f(h).
-6
Suppose 2*m - 6*m + 5*n = 5, -4*m + 3*n - 3 = 0. Let i(f) = -f**2 - 5*f + 4. Let k be i(-5). Suppose 0*y - 4*y - k = m. Let p(s) = -3*s**2 - s. What is p(y)?
-2
Let s(q) = 2*q**2 - 7*q + 5. Let o = -3 + 2. Let i be 1 - 0 - o - -2. Suppose -g + 5*w - 16 = 0, -4*g = w + i*w - 36. Calculate s(g).
9
Let g(i) be the second derivative of i**5/20 + i**4/4 + i**3/3 - i**2/2 + 4*i. Calculate g(-3).
-7
Let a be 4/12 - (-28)/6. Let d be (-23)/a + (-12)/30. Let n(v) = v**2 + 5*v + 6. Calculate n(d).
6
Let r(n) = n**2 + 6*n + 5. Let y be 1 + -1 - (-2 - 0). Suppose -y*z - 5*q - 22 = 0, z - 16 = 3*z + 2*q. Determine r(z).
5
Let z(w) be the first derivative of w**4/24 + w**3/2 + w**2/2 + 6. Let f(p) be the second derivative of z(p). Calculate f(-5).
-2
Let b(p) = p**2 - 3*p + 3. Let j(y) = -y**3 + 8. Let o be j(0). Suppose 5*n - 7 = o. Calculate b(n).
3
Let r(q) be the second derivative of -q**5/20 - q**4/2 - 5*q**3/6 - 5*q**2/2 - 9*q. Give r(-4).
-17
Let i(o) = -3*o - 9. Let z(c) = -4*c - 9. Let f(t) = 5*i(t) - 4*z(t). Give f(7).
-2
Suppose m - 5*l = -11, -2*l + 1 = 4*m - 7*l. Let p(i) be the third derivative of 0*i - 1/2*i**3 - 1/120*i**6 + i**2 + 1/12*i**4 + 0 + 1/15*i**5. Determine p(m).
5
Let i be (-4 - (-1 - 6)) + -4. Let m(u) = 2*u**3 + u**2 + u. Determine m(i).
-2
Let q(i) be the first derivative of -i**2/2 - i + 1. What is q(-4)?
3
Let w(f) = -6*f - 2. Let b = 36 + -38. Give w(b).
10
Let h(n) = 2*n + 3. Let w = 3 + -9. Determine h(w).
-9
Let u(c) = c**2 - 5*c + 5. Let t be u(5). Suppose t*j - 29 + 4 = 0. Suppose j = r + 4*r. Let h(i) = -5*i**2 - 1. Give h(r).
-6
Let n(x) = -x**3 + 7*x**2 - 6*x - 5. Let w(b) = 2*b + 10. Let r be w(-2). Give n(r).
-5
Let a(u) be the second derivative of -u**5/60 + u**4/24 + u**3/6 + 7*u**2/2 - u. Let z(x) be the first derivative of a(x). Give z(-2).
-5
Let t(q) = q - 4. Let g be t(5). Let r be 0/(0 - (g - 3)). Suppose -d - 7 = -l, r*d - 2*l + 12 = -d. Let w(u) = u. Calculate w(d).
-2
Let c(d) = 4*d + 5*d - 8*d - 1 - 2*d. Determine c(-2).
1
Let c(u) = 0*u + 2*u - 6 + 4. Let o = 5 + -2. Let l be 4 + 1 + -12 + o. Give c(l).
-10
Let z be 4/(-6)*3 